4)/16 - i/8 - 2. Calculate the highest common divisor of t and 4.
4
Suppose -73 = -5*a - 23. Let l be 0/2 + 4 + 2. Let t be a*(-1 - -2)*l. What is the greatest common divisor of 12 and t?
12
Let b = 762 - 114. Calculate the greatest common factor of 8 and b.
8
Suppose 0 = 6*u + u - 84. Suppose 5*z - 4*h = 4*z - u, -5*z + 5*h = 0. Calculate the highest common factor of 10 and z.
2
Let u be (-1 + 54/30)/(1/120). Calculate the greatest common divisor of 2 and u.
2
Suppose 0 = -3*a - 7*a + 1800. What is the highest common factor of 6 and a?
6
Let h(s) be the second derivative of -10*s**3 + 3*s**2/2 - 26*s. Let u be h(-1). What is the highest common divisor of u and 21?
21
Let p be 201 - -2*2/2. Let b = -143 + p. What is the highest common divisor of 24 and b?
12
Let t = 1040 + -1031. What is the highest common divisor of t and 171?
9
Suppose -8 = 3*k - d, 2*k - 4 = k - d. Let l(c) = -113*c - 3. Let f be l(k). Let p be (5/2)/((-1)/(-4)). Calculate the greatest common divisor of f and p.
10
Let u(p) = p - 6. Let n(g) = 2*g - 7. Let c(d) = 3*n(d) - 4*u(d). Let y be c(-3). Let x be -7*(-4)/(-12)*y. What is the greatest common divisor of x and 63?
7
Let b = 156 + -106. Let j = -56 - -26. Let u be (j/12)/(1/(-8)). Calculate the greatest common divisor of b and u.
10
Let c = 1017 + -887. What is the greatest common factor of 52 and c?
26
Suppose 13*s - 119 - 193 = 0. Calculate the highest common factor of 384 and s.
24
Let i(d) = 39*d**3 + 2*d**2 + 2*d - 3. Let v be i(1). What is the greatest common divisor of 5 and v?
5
Suppose 2*u - 62 - 4 = -2*l, 6 = 2*u. Calculate the highest common divisor of l and 80.
10
Let a(p) be the second derivative of -19*p**3/6 + p**2 + 10*p. Let y be a(-5). Suppose 7*u = 358 + y. What is the greatest common divisor of u and 13?
13
Suppose 107536 = -74*p + 126*p. Calculate the greatest common divisor of 44 and p.
44
Let l be ((-175)/35)/((-1)/3). What is the greatest common factor of 5 and l?
5
Suppose 0 = 56*z + 31*z - 1305. Calculate the greatest common divisor of 24 and z.
3
Let s(l) = -l**2 - 21*l + 38. Let c = 27 + -49. Let a be s(c). What is the greatest common factor of a and 56?
8
Let j be ((-8)/(-6))/(-2) - (-16 + 296/(-111)). Let d = -118 + 316. What is the highest common factor of d and j?
18
Let q(l) = 3*l + 6 + l**2 - 6*l**2 + 6*l**2. Suppose 0 = 2*n + d - 3 + 11, 0 = n - 2*d - 1. Let u be q(n). Calculate the greatest common divisor of u and 15.
3
Suppose 2*h + 105 = -3*y, y + 212 = -4*h - 3*y. Let m = h - -33. Let g = m + 65. Calculate the highest common divisor of g and 11.
11
Let h(i) = -i**3 - i**2 + 2*i + 2. Let t be h(-2). Suppose 2*c - 2 = t. Let j be c/10 + 120/25. What is the highest common factor of 10 and j?
5
Let n be (0 - 5)*(10 - 11). Suppose 4*q = 2*r - 7*r - n, -q - 5*r = 5. Let y be 10/25*(150 + q). Calculate the greatest common factor of 12 and y.
12
Suppose 6*i - 3*i - 9 = 0. Suppose i*o + 5*q = 121, -6*o + 5*q + 175 = -o. What is the highest common factor of 259 and o?
37
Suppose 0 = p - 6*p + 600. Let j be (44/(-55))/((-4)/(-130)). Let n be (-6)/(-39) - 620/j. What is the greatest common divisor of p and n?
24
Suppose -26 = -3*c - 8. Suppose a - 31 = -5*o + o, 2*a = -o + c. Calculate the greatest common factor of o and 64.
8
Let p(m) = -2*m - 8. Let f be p(-6). Let k(a) = a**3 + 13*a**2 - 198*a + 5. Let v be k(-22). What is the highest common divisor of f and v?
1
Suppose 3*a + 24 = -2*s, 1 + 20 = -3*a - s. Let w = a - -46. Let r be (1 - -5)*w/24. What is the highest common factor of 20 and r?
10
Let m(d) = -13 - 2*d**2 - 46*d - 20 + 4. Let k be m(-22). What is the highest common factor of 45 and k?
15
Suppose 0 = 5*f - 8 - 7. Let b be (-650)/(-15) - (f - (-11)/(-3)). What is the highest common divisor of b and 132?
44
Suppose -174 = -3*b + 1023. What is the highest common factor of b and 42?
21
Suppose -3*z = -5*b + 162, 25 = b + 4*z - 12. Calculate the highest common divisor of 275 and b.
11
Let i be (-8 - (-18 + 9))*(129 + -1). What is the greatest common divisor of i and 32?
32
Let a(u) = 15*u. Let h be a(3). Suppose 4*f + 4*i + 8 = 0, 5*i = f - 12 + 2. Suppose f = -5*t + 134 - 44. What is the highest common divisor of t and h?
9
Let f = 389 - 354. Let o be (2/(-1))/((-2)/7). What is the greatest common divisor of o and f?
7
Suppose -4*c + 110 = -3*m + 18, 0 = 2*c + 5*m - 72. Let x be 0 + -4 + 4 + 1*c. What is the highest common divisor of x and 26?
26
Let p be (-2 + -4)*12/(-18). Suppose -2*y = -a - 26, 0 = p*a + a + 20. Let t(r) = -r + 16. Let h be t(5). What is the highest common divisor of h and y?
11
Let s = 22 - -74. Let m(n) = -15*n**2 - 121*n + 4. Let l be m(-8). Calculate the greatest common divisor of s and l.
12
Suppose -40*c = -19*c - 53760. Calculate the highest common divisor of 10 and c.
10
Let c = -25 + 82. Let f = c + -42. Calculate the highest common factor of 45 and f.
15
Let b(y) = y**3 - 5*y**2 - 3*y - 7. Suppose 0 = 2*l - 6*l + 12. Let x = l + 3. Let p be b(x). What is the highest common factor of 33 and p?
11
Let k(h) = -3*h**3 - 58*h**2 - 301*h + 5. Let i be k(-6). Calculate the highest common divisor of 14 and i.
7
Let c = -24 - -31. Let s(p) = 4*p - 4. Let d be s(c). Calculate the highest common divisor of d and 24.
24
Let h = 43 + 33. What is the highest common divisor of 190 and h?
38
Let g be (-4)/2 - 0 - (2 + -313). What is the highest common factor of 103 and g?
103
Suppose 5*a = 25*u - 29*u + 150, -4*a + 4*u + 84 = 0. What is the highest common divisor of a and 11?
1
Suppose 0 = 18*r - 126 - 3330. What is the highest common divisor of 336 and r?
48
Suppose 9*k = 13*k. Let x = 9 + -9. Suppose f + x*f - 4 = k. Calculate the highest common factor of f and 12.
4
Let k be 120/(-100)*10/3. Let u be k - (-3)/((-6)/(-52)). Calculate the highest common divisor of 22 and u.
22
Suppose -5*f + 89 = 14. Let y(m) = 13*m + 108. Let s be y(-6). Calculate the highest common divisor of s and f.
15
Suppose 0 = 4*u - 2*q - 0 - 24, 0 = -5*u - 5*q. Suppose u*d - 112 = 48. Calculate the greatest common factor of d and 100.
20
Let t(x) = x**3 - 3*x**2 - 7*x + 3. Suppose -4 - 1 = -n. Let s be t(n). Calculate the greatest common divisor of s and 9.
9
Let d = -19 - -31. Let w = -633 - -663. Calculate the highest common divisor of w and d.
6
Let k(a) = 2*a**2 + 5*a - 32. Let r be k(-16). Calculate the greatest common divisor of 16 and r.
16
Let x(z) = -z**2 + 11*z - 11. Suppose -4*d = 3*k - 28, -d = k + k - 12. Let t be x(d). What is the greatest common divisor of t and 153?
17
Let u be ((-35)/(-2))/(1/2). Suppose -d = 2*y + 2*y - 303, 4*y = d - 327. Calculate the highest common divisor of u and d.
35
Suppose 61 = 5*s - 149. Suppose -m - s = -162. Suppose -2*t = 3*w - 28, 0 = 3*t + 2*t - 5*w - m. Calculate the highest common divisor of 30 and t.
10
Suppose -5*y + 191 - 36 = 0. Suppose -3*n - 4 = -y. Let c = -5 - -8. What is the greatest common divisor of n and c?
3
Suppose 78 + 234 = 4*b + v, b - 78 = -v. What is the greatest common divisor of b and 1287?
39
Suppose 5*v + 145 = y, -2*y = y - 4*v - 380. Suppose 3*s - y = -3*s. Calculate the highest common factor of 80 and s.
20
Suppose v + 4*x = 6 + 8, 4*x - 6 = 3*v. Calculate the highest common factor of v and 118.
2
Let n(b) = -b**2 - 30*b + 330. Let c be n(-22). What is the greatest common factor of c and 44?
22
Let s(m) = 11*m. Let j be s(2). Suppose -30 = -q + 5*t + 8, 4*q + 3*t = 37. Let k(x) = x - 2. Let g be k(q). Calculate the greatest common factor of j and g.
11
Suppose -16 = -2*o - 2*o, 3*o = 2*t + 4. Let x = t + 20. What is the greatest common factor of 16 and x?
8
Let y = -6 + 11. Suppose -2*t - 5*v = 2*t - 97, 0 = t - y*v - 18. Suppose -2*a = 1 - t. Calculate the highest common factor of 55 and a.
11
Suppose 0 = -2*z + 2 + 2. Let q be (1 - (3 - z)) + 27. Suppose -3*l + 15 = -q. Calculate the highest common factor of 7 and l.
7
Let h(g) = -190*g. Let u be h(-1). Suppose 5*k + b - 480 = -105, -324 = -4*k + 4*b. What is the highest common divisor of k and u?
38
Suppose 9 = -2*n + 55. Let s = 41 - n. Let r = 20 - 14. What is the highest common divisor of s and r?
6
Suppose -519 = -3*d - 123. Let v = d + -72. What is the highest common divisor of 24 and v?
12
Let s be 4/8 + 3/2. Suppose 12 = s*z - 4. Let h = 421 - 333. 